lse
Is 51589099 a prime number?
True
Is 24634223 a prime number?
False
Is 38521411 a composite number?
False
Is 1000303 prime?
True
Is 49743067 a prime number?
False
Is 497954671 prime?
False
Is 644984113 a prime number?
True
Is 37461241 composite?
True
Is 72956699 prime?
False
Is 527981 a composite number?
False
Is 77629019 a prime number?
False
Is 372274933 prime?
True
Is 1287071 a composite number?
False
Is 92091653 a prime number?
False
Is 2628229 a composite number?
False
Is 7653553 a prime number?
False
Is 1064771 prime?
True
Is 5078459 a prime number?
True
Is 410127 prime?
False
Is 22986517 composite?
True
Is 78220877 prime?
False
Is 7131805 prime?
False
Is 2319059 a composite number?
False
Is 31704977 composite?
True
Is 60035 composite?
True
Is 35717323 a composite number?
True
Is 67951 prime?
False
Is 36158149 composite?
True
Is 290309453 prime?
False
Is 890993 a prime number?
True
Is 21012469 a composite number?
True
Is 48804109 a prime number?
False
Is 34872547 composite?
False
Is 1601843 a composite number?
False
Is 1897843 a composite number?
False
Is 396978589 a composite number?
True
Is 11480023 a composite number?
True
Is 48427 a prime number?
False
Is 270464323 prime?
True
Is 1029299533 composite?
False
Is 411609839 prime?
True
Is 4186015 composite?
True
Is 190425737 composite?
True
Is 693717449 a prime number?
True
Is 3750751 prime?
True
Is 375249727 composite?
True
Is 17341763 composite?
False
Is 537139 a composite number?
True
Is 16129 composite?
True
Is 58791959 a prime number?
True
Is 104475773 composite?
True
Is 1485543 a composite number?
True
Is 1898101 prime?
False
Is 1065599 a composite number?
True
Is 5686427 composite?
False
Is 2449427 a composite number?
True
Is 62928689 prime?
True
Is 4441613 a prime number?
False
Is 1254311 prime?
False
Is 1145827 prime?
False
Is 87824579 a composite number?
False
Is 25329903 composite?
True
Is 90839873 composite?
True
Is 49263 composite?
True
Is 19251307 a prime number?
False
Is 11129813 a prime number?
True
Is 31417069 a prime number?
True
Is 6151391 a prime number?
True
Is 17046935 a prime number?
False
Is 170699 a composite number?
True
Is 548936023 prime?
True
Is 41134019 composite?
False
Is 332179 prime?
True
Is 47970931 composite?
False
Is 1941827 prime?
True
Is 1299437 prime?
True
Is 314555743 composite?
True
Is 417716867 a composite number?
True
Is 195941 prime?
False
Is 1291356433 prime?
True
Is 67481257 a composite number?
False
Is 17173021 prime?
True
Is 145492081 a prime number?
False
Is 175544365 a composite number?
True
Is 22038313 a composite number?
True
Is 41906335 composite?
True
Is 131397697 composite?
True
Is 2391671 a composite number?
False
Is 34394309 prime?
False
Is 87554 prime?
False
Is 21954689 a prime number?
False
Is 461657 composite?
True
Is 7112899 prime?
False
Is 3327589 a composite number?
True
Is 162940967 a composite number?
True
Is 80614603 prime?
True
Is 4686303 prime?
False
Is 16622717 composite?
False
Is 2551369 a composite number?
False
Is 32142021 composite?
True
Is 123215761 a composite number?
True
Is 388391 composite?
False
Is 4475747 a composite number?
False
Is 182330147 a prime number?
True
Is 6083239 prime?
False
Is 191807461 prime?
True
Is 34947095 a composite number?
True
Is 22942421 composite?
False
Is 13028735 a composite number?
True
Is 10540753 composite?
True
Is 447282469 prime?
True
Is 1397369 prime?
False
Is 74086643 composite?
True
Is 7082723 a composite number?
False
Is 564486851 a prime number?
True
Is 203757329 prime?
True
Is 629917 prime?
False
Is 615832157 a composite number?
True
Is 3007129 prime?
True
Is 206593 a prime number?
True
Is 144323549 prime?
True
Is 1321727 a prime number?
False
Is 1512421 a composite number?
False
Is 1739767 a prime number?
True
Is 624719 composite?
True
Is 9449597 prime?
True
Is 3386057 prime?
True
Is 141344419 a composite number?
False
Is 238243493 a composite number?
False
Is 4493597 composite?
False
Is 242387 a composite number?
True
Is 264545311 a composite number?
True
Is 151720427 composite?
True
Is 561213273 a composite number?
True
Is 91550777 prime?
False
Is 163879777 a composite number?
False
Is 893591 composite?
False
Is 45576169 a prime number?
False
Is 376973 composite?
True
Is 26571749 prime?
True
Is 2033833 prime?
True
Is 70640461 a composite number?
True
Is 37350653 a prime number?
True
Is 30031007 a composite number?
True
Is 6122791 composite?
False
Is 73892021 composite?
True
Is 70419493 a prime number?
True
Is 420617167 a composite number?
True
Is 955511 a prime number?
True
Is 229178689 a composite number?
True
Is 3931937 composite?
True
Is 74439091 a composite number?
True
Is 2876411 a prime number?
True
Is 237429307 a prime number?
False
Is 1739347 a prime number?
True
Is 110419 prime?
True
Is 855982 a composite number?
True
Is 296306233 a prime number?
False
Is 20209741 a prime number?
True
Is 191501 a composite number?
True
Is 3867323 prime?
True
Is 6051895 a prime number?
False
Is 40981739 a composite number?
False
Is 91180553 composite?
True
Is 118238353 composite?
False
Is 30740245 a prime number?
False
Is 39397999 a prime number?
False
Is 2236763 composite?
True
Is 47022193 composite?
True
Is 6740941 composite?
False
Is 32640121 prime?
True
Is 47447767 composite?
True
Is 9255737 prime?
True
Is 97711 prime?
True
Is 18054577 composite?
False
Is 351179 composite?
False
Is 562651 a composite number?
False
Is 692855 composite?
True
Is 5539055 prime?
False
Is 319489981 a composite number?
True
Is 65896613 a prime number?
False
Is 12448327 composite?
False
Is 687299 composite?
False
Is 57380311 prime?
True
Is 1444411 composite?
False
Is 18193255 a composite number?
True
Is 502054577 a prime number?
False
Is 81500597 a prime number?
True
Is 12952517 composite?
False
Is 289336027 prime?
True
Is 3608977 a prime number?
True
Is 180959749 prime?
True
Is 34265717 a prime number?
True
Is 17011919 prime?
True
Is 2091039271 composite?
False
Is 796927 prime?
False
Is 20732339 a composite number?
False
Is 69875761 a prime number?
False
Is 18330901 a composite number?
False
Is 90659 prime?
True
Is 12461543 a prime number?
True
Is 12964967 a prime number?
True
Is 81008971 a composite number?
False
Is 116497 composite?
True
Is 1129541 prime?
False
Is 610283747 a composite number?
True
Is 3278767 composite?
True
Is 6251519 composite?
False
Is 466108013 a prime number?
False
Is 4347791 a prime number?
False
Is 66311689 a prime number?
False
Is 4031977 a prime number?
True
Is 2088717 a composite number?
True
Is 12141146 prime?
False
Is 1345807 composite?
True
Is 91250383 a composite number?
True
Is 38596511 prime?
False
Is 32313287 prime?
True
Is 1867933 a prime number?
False
Is 188843399 a prime number?
False
Is 30227407 prime?
False
Is 20552417 composite?
False
Is 238570909 a composite number?
True
Is 671662037 a composite number?
False
Is 939751 composite?
True
Is 320179 prime?
True
Is 41358589 a composite number?
False
Is 4057297 a composite number?
False
Is 172971259 a prime number?
False
Is 13136639 composite?
False
Is 12735406 composite?
True
Is 610609 a prime number?
False
Is 5565163 prime?
True
Is 113551289 composite?
True
Is 18638 a prime number?
False
Is 145771 a prime number?
True
Is 41969453 a prime number?
True
Is 23303711 a composite number?
False
Is 55162027 prime?
False
Is 328093 prime?
True
Is 206123 composite?
False
Is 21928783 composite?
True
Is 2624617 a prime number?
False
Is 8685847 composite?
False
Is 13782481 composite?
False
Is 323723 prime?
False
Is 142867 a prime number?
True
Is 1077256171 a prime number?
True
Is 51502421 composite?
True
Is 4071553 a composite number?
False
Is 6285761 a prime number?
True
Is 39188959 composite?
False
Is 133631 prime?
True
Is 10396231 a composite number?
True
Is 707429 prime?
True
Is 2110973 a composite number?
False
Is 9849095 a composite number?
True
Is 3724705 a prime number?
False
Is 367609433 a prime number?
True
Is 42954701 composite?
False
Is 83474671 a prime number?
False
Is 21824501 a prime number?
False
Is 53298803 composite?
True
Is 72535199 prime?
False
Is 12288517 a composite number?
False
Is 33655139 a prime number?
False
Is 83427907 a composite number?
True
Is 3381359 a prime number?
True
Is 419416637 p